 is the units digit of m?
9
Let r(n) = n**3 + 3*n**2 - 8. What is the tens digit of r(5)?
9
Suppose -h + w = -14 - 4, 3*h - 30 = -3*w. Suppose -2*j + h = v, 5*j - 4*v = -6*v + 35. Suppose -2*s = -s - j. What is the units digit of s?
7
Suppose 0 = d - 3, 2*r + 0*r + 2 = -2*d. Let v be 4*((-5)/r - 0). Suppose -q = -2*q + v. What is the units digit of q?
5
Let g(t) = 3 - 5 + 0*t + t - 1. Let c be g(8). Let l(b) = -b**2 + 4*b + 6. What is the units digit of l(c)?
1
Let p = -34 - -21. Let z = p - -21. What is the units digit of z?
8
Suppose 3*v = 3*o - 90, 27 - 3 = o - 4*v. What is the units digit of o?
2
Let y = -51 - -56. What is the units digit of y?
5
Suppose -5*x = l - 679 - 469, -4*x = 2*l - 922. What is the units digit of x?
9
Let b = 7 - 5. What is the units digit of b + -2 + 9 - 2?
7
Suppose -25 = -5*n - 0*n, -4*n + 50 = -5*a. Let u be ((-37)/(-3))/(a/(-18)). Suppose u + 3 = 5*v. What is the units digit of v?
8
Let f be 24/(-8) - (1 + 0). What is the units digit of f*(14/4)/(-7)?
2
Let p = -1 - -3. Let j be (-2)/p - (2 - 0). Let n = j - -8. What is the units digit of n?
5
Suppose -4*c = -2 - 10. Suppose -54 = -4*h - k, -c*h - 3*k + 46 = -5*k. What is the tens digit of h?
1
Suppose 0*d - d + 1 = 0. What is the units digit of d?
1
Let f(y) = y**2 + 10*y - 3. Let p be f(-10). Let x(r) = r**2 - 2*r - 1. Let c be x(p). What is the units digit of (-2)/(c/8 - 2)?
8
Let t(w) = 34*w**2 + 3*w + 3. Let l be t(-3). What is the units digit of (3/(-9))/((-4)/l)?
5
Let p(b) = -b**2 + 4*b - 2. Let i(m) = -m**3 + 2*m**2 + 2*m - 1. Let f be i(2). Let t be p(f). What is the units digit of (-4)/((t - 1) + -2)?
2
What is the hundreds digit of 4/(-8)*(0 - 400)?
2
Let j(w) = -w**3 + 12*w**2 - 12*w + 15. Let a be j(11). Suppose 0 = -2*s - 4*k + 6, 1 = a*k + 21. What is the units digit of s?
3
Let h(c) = c**3 + 4*c**2 + 3*c + 3. Let i be h(-3). Suppose 3*d - i*l = 135, -4*l - 90 = -2*d - 0*d. What is the tens digit of (d/(-12))/((-6)/16)?
1
Suppose -2 = 4*z - 5*z. Suppose r = -z*b + 8, -2*r + 28 = 4*b - 6*r. Let v = b - -9. What is the units digit of v?
4
Let j(m) = -m**2 - 8*m + 3. Let a be j(-8). Suppose -2*y = v - 68, -y + 5*v + a = -20. What is the tens digit of y?
3
Suppose -p - p + 2 = 0, -5*p - 147 = -4*q. What is the units digit of q + ((-4)/(-4) - -1)?
0
Suppose 4*a = -2*s + 379 + 351, 4*a - s = 739. What is the hundreds digit of a?
1
Suppose 2*z + 2*s - 578 = 0, 4*z + s - 1164 = -s. What is the tens digit of z?
9
Let r = 27 - 40. Let w = r + 17. What is the units digit of w?
4
Let k(h) be the second derivative of h**3/3 - h**2/2 + 2*h. What is the units digit of k(5)?
9
Let j = -47 + 76. What is the units digit of j?
9
What is the units digit of (-14)/12*(-17 + 11)?
7
Suppose 641 = j + 2*j + 5*r, -2*j + r + 423 = 0. What is the units digit of j?
2
Suppose o + 263 = 3*q, -5*q + 8*q = -4*o + 283. What is the units digit of q?
9
Suppose 0 = 2*h + 6, 34 = s - 5*h + 10. Suppose k = -2*k + s. What is the units digit of k?
3
Suppose f - 86 = -3*o, -82 = -2*o - o - 2*f. What is the units digit of o?
0
Suppose -17 = -2*q - 3. Let k = q - 6. What is the units digit of k?
1
Let k be 1706/18 + (-2)/(-9). Suppose r - 4*c + 3 = 0, -5*r + c + k = 3*c. What is the tens digit of r?
1
Let b = 7 - -5. What is the tens digit of b?
1
Let x(y) = y**3 - 8*y**2 + y - 11. Let a be x(8). Let i = a - -4. What is the tens digit of 2 + i + (13 - -1)?
1
Let f = 128 - 86. Let i be 0 - ((-1)/1 - -25). Let b = f + i. What is the units digit of b?
8
Suppose 0*c - 3*c - 3*o + 36 = 0, -2*c - 3*o = -28. Let v be (-74)/c - 1/(-4). Let x(k) = -k + 4. What is the units digit of x(v)?
3
Let u(g) = -g**2 - 10*g - 5. Let h be u(-9). Suppose 3*w = 2*o - 30, -w + 3*w + h = 0. What is the units digit of o?
2
Let d(r) = r**3 + 4*r**2 - 7*r - 4. Let l be d(-5). Suppose 4*j + l = j. What is the units digit of -12*(3/2 + j)?
6
Let s(u) = -93*u + 1. What is the units digit of s(-1)?
4
Suppose 0 = -4*f + 141 + 211. What is the units digit of f?
8
Suppose 2*a + 3*s - 124 = 0, 5*a + 5*s - 427 = -112. What is the tens digit of a?
6
Let i(j) = 3*j**2 - 3*j + 1. Let f be i(2). Suppose -2*d = -13 - f. Suppose d = 3*k - 11. What is the units digit of k?
7
Let q be (21/14)/(2/(-24)). What is the units digit of -6*8/q*3?
8
Let a be (41 + -2)/((-3)/(-2)). Suppose 4*c - a = n - 2*n, 2*n = -c + 3. Let z = 10 - c. What is the units digit of z?
3
Let v = 7 - -11. What is the tens digit of v?
1
Let b be (0 + (-6)/4)*-2. Let c(k) = k**3 - 2*k**2 + 2*k. Let u be c(b). Suppose 3*l - u = 12. What is the units digit of l?
9
Suppose 0*z - 20 = -5*z. Suppose -z*n + 2*n = 3*f - 45, f = -5*n + 28. What is the units digit of f?
3
Let a(l) = -l**3 - 4*l**2 + l + 5. Suppose -5*d - u = -23, -2*d + u - 1 = -6. Suppose 5*f = -16 - d. What is the units digit of a(f)?
1
Let x = -4 + 6. Suppose -x*y + 7*y = 80. Let t = -10 + y. What is the units digit of t?
6
Suppose 3*x - 4*v = -11, -5*x - 3*v + 1 = -0. Let n be 2*-1 - 3 - x. What is the units digit of (-30)/(-8) - n/16?
4
Let l = 0 - -2. Let c = 5 - l. Suppose -r + 34 = 4*r - h, 31 = 4*r + c*h. What is the units digit of r?
7
Suppose 0 = -u + 4. What is the units digit of u?
4
Suppose -3*m = 3*j - 459, 0*m = -3*m - 2*j + 459. What is the hundreds digit of m?
1
Let d(p) = 2*p + 1. Let w be d(-1). Let s = w + 5. Suppose -s*r + 2*j = -44, 0 = -r - 3*r - j + 38. What is the tens digit of r?
1
Let l = 16 - 12. What is the units digit of (136/32)/(1/l)?
7
Let l(z) = 15*z + 10. Let k(s) = -3*s - 2. Let r(d) = 11*k(d) + 2*l(d). What is the units digit of r(-5)?
3
Let m(t) = -2*t + 2. Let v be m(2). What is the tens digit of 54/15*(-15)/v?
2
Let u be ((-26)/(-1))/(1 - -1). Suppose -u - 15 = -2*y. What is the tens digit of y?
1
Suppose -4*z - 5*u = -1271, -5*z + 313 = 2*u - 1297. What is the hundreds digit of z?
3
Let o(h) = 7*h**3 + h. Let c be o(1). Suppose 4*l - t - 39 = 0, -4*l + c*l - 5*t - 35 = 0. What is the tens digit of l?
1
What is the tens digit of 114 + (-2)/(-4) + 6/(-12)?
1
What is the tens digit of (-2)/((-6)/69*1)?
2
What is the tens digit of 41 + (4 - 12/4)?
4
Let d(m) = m**3 - 5*m**2 - 3*m - 7. Let u = 1 + 5. What is the units digit of d(u)?
1
Let g be 0 + -1 + 5/1. Suppose g*f + 3 = -1. What is the units digit of 1 - ((-24)/3 - f)?
8
Let r = -7 + 10. What is the units digit of 31 + 0 - (-7 + r)?
5
Let j(y) = y**2 - 8. What is the units digit of j(-4)?
8
Suppose -3*y = y - 12. Suppose -y*a + 2*a = -3. Suppose c + a*c = 24. What is the units digit of c?
6
Let w(q) = q - 2. Let z be w(8). Let s(f) = -f**2 + 5*f - 3. Let l be s(z). What is the units digit of (-19)/(-3) - (-3)/l?
6
Suppose -2*q + 161 = -s, 47 = 2*q + 3*s - 118. What is the tens digit of (-1 + 3)/(6/q)?
2
Let n(q) = q**2 - 2. Let l be n(-1). Suppose 3*h + 15 = -4*z, -h + 0 = -2*z + 15. Let s = l - h. What is the units digit of s?
8
Suppose 2*o + 8 = 116. What is the tens digit of o?
5
Suppose 50*u + 354 = 56*u. What is the units digit of u?
9
Suppose c - 26 = -1. What is the tens digit of c?
2
Let d = 0 + 5. Suppose d*k = 7 + 8. Suppose -4*u + 14 = -k*u. What is the tens digit of u?
1
Suppose -3*a - 4*x = -a - 82, 5*a - 3*x - 192 = 0. What is the units digit of a?
9
Let j be (-1)/(-2)*(3 - -19). Suppose a = -4*p + 7, -2*p + 2*a + j = a. Suppose 6 = p*h - 3. What is the units digit of h?
3
Let a(f) = f**3 - 4*f**2 - 7*f + 7. Let m be a(5). Let g = -1 + m. What is the tens digit of (15/g)/((-12)/32)?
1
Let x = -1 - -3. Suppose 0 = -5*l - x*s + 18, 2*l + l = -4*s + 22. Suppose 2 = -r - 3*p + l*p, -2*r = 5*p + 16. What is the units digit of r?
2
What is the units digit of -1*(3 - 7) + 8?
2
Let o be (-2)/8 + 9/4. Suppose 14 = -k + o*k. Suppose -5*h + k = -3*h. What is the units digit of h?
7
Let t be 9*4*(-2)/(-8). Let l = t - -1. What is the units digit of l?
0
Let v = -10 - -30. Let d be (v - 4)*1/2. Let u = 19 - d. What is the units digit of u?
1
Suppose -5*g - 6 = -3*i, -g - 15 = 3*i + g. Let p be (-1*(-1 - 0))/1. What is the units digit of (4/(-6))/(p/i)?
2
Suppose 10*k - 128 = 9*k. What is the units digit of k?
8
Let h be 186/(-10) + 4/(-10). Let f = 41 + h. What is the units digit of f?
2
Let w be 2/5 - 872/(-20). What is the units digit of (w/(-6))/((-12)/18)?
1
What is the units digit of 3 + 0 + (-4)/(-4)?
